o base 8
-35032
Convert -374 (base 14) to base 12.
-496
1312333 (base 4) to base 10
7615
Convert 991 (base 12) to base 14.
725
Convert -6a2b (base 13) to base 4.
-3220331
Convert -1177 (base 9) to base 5.
-12010
491 (base 13) to base 15
37e
-131040 (base 7) to base 5
-1240011
Convert -47d9 (base 14) to base 5.
-400124
10210201 (base 3) to base 9
3721
Convert -13606 (base 13) to base 15.
-aab7
What is 20 (base 11) in base 8?
26
Convert 23b3a (base 12) to base 11.
33307
Convert -b8bb (base 12) to base 9.
-30758
What is 235 (base 9) in base 16?
c2
Convert 1ca (base 13) to base 8.
517
101200 (base 4) to base 11
929
-1100000 (base 3) to base 16
-3cc
Convert 8b90 (base 12) to base 13.
70a7
-1d3 (base 16) to base 12
-32b
11100 (base 6) to base 12
a90
320414 (base 7) to base 3
2211000222
Convert 866 (base 9) to base 11.
594
What is 1206 (base 7) in base 11?
377
What is -13200 (base 4) in base 11?
-3a7
699 (base 10) to base 5
10244
-24889 (base 11) to base 2
-1000101101010111
Convert -3022423 (base 5) to base 7.
-261236
What is 684 (base 11) in base 12?
582
Convert 11100010100001 (base 2) to base 16.
38a1
-3946 (base 10) to base 5
-111241
-23150 (base 7) to base 16
-171b
-1912 (base 14) to base 5
-121044
-2959 (base 11) to base 12
-225b
-1100011 (base 2) to base 14
-71
What is -1053 (base 9) in base 2?
-1100001001
-18707 (base 10) to base 14
-6b63
Convert -1230343 (base 5) to base 7.
-126346
-470 (base 9) to base 15
-1ac
Convert 378 (base 13) to base 15.
2a6
What is -53381 (base 10) in base 5?
-3202011
-32770 (base 8) to base 15
-4161
-230221 (base 4) to base 13
-13ba
What is -13212323 (base 4) in base 2?
-111100110111011
-64b (base 12) to base 8
-1633
What is -12113 (base 6) in base 7?
-5112
What is -16503 (base 11) in base 3?
-1011212120
What is 19162 (base 10) in base 11?
13440
10101110001 (base 2) to base 13
832
Convert -111013 (base 4) to base 3.
-1212001
Convert 947 (base 14) to base 3.
2111200
What is 1898 (base 13) in base 8?
7132
Convert -32014 (base 5) to base 7.
-6136
Convert -5020 (base 9) to base 5.
-104123
What is -110100011011 (base 2) in base 16?
-d1b
Convert -1132230 (base 5) to base 16.
-51cc
What is 1014 (base 11) in base 6?
10122
Convert -10331 (base 5) to base 3.
-222112
What is -2223302 (base 4) in base 8?
-25362
What is 10e83 (base 15) in base 6?
1053310
Convert 3103 (base 6) to base 7.
2001
Convert 60041 (base 9) to base 5.
2230103
Convert 23333 (base 4) to base 5.
11032
22324 (base 5) to base 11
1215
What is -111200 (base 3) in base 5?
-2434
What is 2952 (base 10) in base 9?
4040
-334010 (base 5) to base 3
-121010101
What is 101001000101 (base 2) in base 9?
3541
2021 (base 4) to base 14
9b
What is 1011110100100 (base 2) in base 11?
4602
Convert -112 (base 6) to base 4.
-230
What is -ea2 (base 15) in base 9?
-4468
Convert 1b82 (base 14) to base 4.
1032112
Convert -32536 (base 7) to base 15.
-2641
What is -85 (base 10) in base 16?
-55
Convert -24435 (base 9) to base 3.
-211111012
What is 50b0 (base 12) in base 15?
28ec
Convert -2295 (base 10) to base 14.
-b9d
What is -12023103 (base 4) in base 7?
-133521
-2311032 (base 4) to base 14
-4326
Convert 110214 (base 5) to base 4.
323201
Convert -21 (base 13) to base 15.
-1c
What is 2705 (base 15) in base 12?
49a2
What is 2205 (base 11) in base 6?
21245
195 (base 16) to base 2
110010101
What is -26511 (base 8) in base 15?
-367d
What is -1447 (base 8) in base 12?
-573
-31754 (base 8) to base 3
-200020022
What is -4299 (base 16) in base 4?
-10022121
-32a8 (base 12) to base 4
-1113200
Convert 19c (base 16) to base 4.
12130
Convert -559 (base 10) to base 6.
-2331
514 (base 11) to base 13
389
What is -4523 (base 8) in base 3?
-10021102
What is 145274 (base 8) in base 3?
2122012020
What is 100101011 (base 3) in base 5?
204320
-10202212 (base 3) to base 13
-1337
144 (base 8) to base 2
1100100
Convert 1b2 (base 16) to base 2.
110110010
What is 70e (base 15) in base 14?
817
What is 10481 (base 9) in base 14?
2770
What is -13 (base 8) in base 13?
-b
What is -48aa (base 13) in base 12?
-5b48
3905 (base 12) to base 3
22220012
What is 4214 (base 6) in base 12?
66a
What is -1073 (base 12) in base 15?
-810
What is 13222 (base 4) in base 9?
604
What is 16934 (base 12) in base 7?
163402
-1110 (base 6) to base 15
-123
-2db (base 15) to base 8
-1220
What is 24144 (base 8) in base 16?
2864
Convert 26a22 (base 11) to base 15.
b61c
1ac (base 14) to base 12
250
What is 30326 (base 7) in base 14?
2986
6016 (base 8) to base 7
11666
Convert 231123 (base 4) to base 10.
2907
What is 18402 (base 12) in base 13?
12cbc
8692 (base 14) to base 13
a77c
What is 3156 (base 8) in base 12?
b52
What is -2561 (base 8) in base 7?
-4030
What is -216d (base 16) in base 10?
-8557
What is 751 (base 8) in base 12?
349
Convert -3674 (base 8) to base 5.
-30410
-30 (base 14) to base 2
-101010
6445 (base 11) to base 8
20507
-1854 (base 11) to base 2
-100100110110
-111100001 (base 2) to base 14
-265
What is -10110011 (base 4) in base 10?
-17669
-33066 (base 7) to base 3
-102100200
Convert -77 (base 14) to base 10.
-105
Convert 3d17 (base 16) to base 11.
10828
-10111012 (base 3) to base 2
-100111101111
Convert 19a5 (base 14) to base 13.
216c
What is -115507 (base 9) in base 4?
-101000203
What is -114 (base 6) in base 5?
-141
What is 1120022 (base 3) in base 12?
7b2
-100022 (base 5) to base 6
-22305
211120010 (base 3) to base 12
9626
What is -c8 (base 13) in base 12?
-118
What is a78 (base 13) in base 16?
6fd
Convert -3492 (base 15) to base 10.
-11162
What is -67827 (base 9) in base 16?
-b056
Convert -141215 (base 6) to base 16.
-33cb
11022021 (base 3) to base 6
22311
10214 (base 5) to base 14
36c
What is 201212200 (base 3) in base 8?
34232
62b8 (base 16) to base 7
133452
Convert 173 (base 15) to base 14.
19b
Convert 232043 (base 6) to base 11.
13a50
31213 (base 4) to base 3
1012021
What is -54554 (base 7) in base 12?
-7aa5
Convert -772 (base 12) to base 2.
-10001000110
What is -1a7 (base 11) in base 9?
-284
Convert -1a25 (base 11) to base 7.
-10326
What is 8619 (base 10) in base 6?
103523
-1100111100100 (base 2) to base 13
-302b
Convert 173 (base 8) to base 10.
123
849 (base 11) to base 4
33331
15d5 (base 16) to base 15
19c9
Convert 1b97 (base 12) to base 8.
6543
Convert 12a (base 11) to base 8.
231
700 (base 16) to base 8
3400
What is -169 (base 12) in base 8?
-341
Convert 1367 (base 14) to base 2.
110101011111
Convert 26a (base 12) to base 11.
307
Convert 11cca (base 14) to base 11.
2a909
-6071 (base 10) to base 13
-29c0
-27162 (base 8) to base 2
-10111001110010
What is -a78 (base 12) in base 6?
-11032
Convert -b36 (base 16) to base 10.
-2870
Convert 406 (base 8) to base 5.
2022
Convert 385 (base 16) to base 12.
631
What is -92da (base 15) in base 2?
-111100100110110
What is 181 (base 13) in base 16?
112
Convert -13103113 (base 4) to base 12.
-15387
What is -3322 (base 13) in base 5?
-212001
Convert -7434 (base 8) to base 14.
-15a4
What is -100100101000 (base 2) in base 4?
-210220
Convert 131241 (base 6) to base 12.
6b21
Convert 722 (base 11) to base 3.
1012021
What is 200101 (base 3) in base 2?
111110000
Convert 527 (base 14) to base 13.
601
What is 2a35 (base 11) in base 12?
231a
Convert -1101110100010111 (base 2) to base 12.
-28907
-1d6 (base 16) to base 9
-572
What is 101021 (base 4) in base 16?
449
Convert 4872 (base 12) to base 11.
613a
-422 (base 11) to base 13
-301
Convert -570 (base 8) to base 4.
-11320
-31013132 (base 4) to base 16
-d1de
Convert -7cd (base 15) to base 6.
-12104
Convert 9024 (base 13) to base 16.
4d5b
16497 (base 10) to base 4
10001301
What is 4256 (base 15) in base 3?
201020200
-76d (base 14) to base 12
-a25
2d8 (base 14) to base 5
4312
-33504 (base 8) to base 2
-11011101000100
Convert -1000011200 (base 3) to base 2.
-100110101100001
Convert 33131 (base 4) to base 9.
1318
Convert 1000110001 (base 2) to base 3.
202210
Convert 3222341 (base 5) to base 14.
15d29
What is -34387 (base 10) in base 13?
-12862
101010101111111 (base 2) to base 8
52577
203422 (base 5) to base 6
51105
What is 1212220 (base 3) in base 9?
1786
Convert 89 (base 13) to base 16.
71
8688 (base 16) to base 6
423240
Convert -40118 (base 10) to base 8.
-116266
-1586 (base 10) to base 5
-22321
What is -756 (base 10) in base 15?
-356
2103000 (